 11 and t.
11
Let s be (-15)/25 + (-406)/(-10). What is the greatest common factor of s and 16?
8
Suppose -5*v + 9 = -5*d - 6, 4*v = -5*d + 3. Suppose f - 3*f = v*k - 8, k = -3*f + 20. What is the highest common factor of f and 20?
4
Let d = -70 + 82. What is the highest common divisor of d and 44?
4
Let d = -15 + 67. Suppose -4*i - 3 + 48 = 5*s, 2*s - 16 = -2*i. Calculate the highest common divisor of d and s.
13
Let b = -213 + 317. Calculate the highest common divisor of 78 and b.
26
Let t(n) = 1 + 2*n - n + 1. Let h be t(-4). Let j = 10 - h. What is the greatest common divisor of 6 and j?
6
Suppose 4*u + u - 890 = 0. Let s(x) = -2*x**2 - 9*x + 3. Let t be s(6). Let r = t + u. Calculate the greatest common factor of r and 5.
5
Suppose 2*o + d = 142, -3*o + o + d = -138. Calculate the highest common divisor of o and 14.
14
Let k = 31 - 26. Let b = 17 + 3. What is the highest common factor of b and k?
5
Suppose -3*s = -c - c + 82, -178 = -4*c - s. Let r = c + -17. Suppose r + 1 = 2*l + 5*y, -3*y = -5*l + 39. What is the greatest common factor of 6 and l?
3
Let l = -6 - -10. Let o be 2/4*(6 - l). Calculate the highest common factor of 1 and o.
1
Let l = 13 - 11. Suppose o - 221 = 2*g, 2*g - 776 + 304 = -l*o. Calculate the greatest common divisor of o and 21.
21
Let n(z) = -24*z. Let c be n(-4). Calculate the highest common divisor of 240 and c.
48
Let t = 53 - 5. Calculate the greatest common divisor of t and 16.
16
Let h be 1 + (3 - 9/(-1)). What is the greatest common factor of 65 and h?
13
Suppose -2*j + 2*r = -10, -2 = 4*r + 6. Suppose 0 = 3*k + 2*m - 3*m - 63, 0 = 5*k - j*m - 101. Calculate the greatest common factor of k and 55.
11
Let h be (1128/4)/1 + (-16)/(-4). Let p(t) = 3*t**2 - 1. Let g be p(3). What is the highest common divisor of g and h?
26
Suppose 36 = 2*b + 2*b. What is the highest common divisor of b and 1?
1
Let g(l) be the second derivative of -l**5/20 - l**4/4 - l**3/2 - 3*l**2/2 - 3*l. Let h be g(-3). What is the greatest common factor of h and 54?
6
Let i(d) = -d + 8. Let b be i(-7). Suppose 0 = -t + 4*t - b. Suppose 0*c = 2*c - 2. What is the greatest common divisor of c and t?
1
Let b(z) = z**2 - 9*z + 12. Let v be b(8). Suppose v*d - 155 = -11. What is the greatest common divisor of d and 90?
18
Let y be 3*7 - 4/2. Let p be 2/3 - 50/(-15). Suppose p*q + 152 = 6*q. Calculate the highest common factor of q and y.
19
Let k = 3 + -44. Let t = -22 - k. Suppose -f - 664 = -5*j, 3*j = 7*j - 3*f - 529. Calculate the greatest common divisor of t and j.
19
Let q be (2/(-4))/(3/(-18)). Suppose -3*n - s = -17, 3*n - 29 + 8 = -q*s. Let d be (-6)/3*35/(-2). Calculate the greatest common factor of n and d.
5
Let v = 57 - 47. Let o(c) = -32*c**2. Let r be o(1). Let j be (1 - v)*r/6. What is the greatest common factor of j and 24?
24
Let y be (-1 + -25)/2*-1. What is the highest common factor of 26 and y?
13
Let y be 2 + (-1 - -2*3). Let h be (0/2)/2 + y. Suppose -v + 78 = v - 2*c, -160 = -4*v + 5*c. Calculate the greatest common factor of v and h.
7
Let b(u) = u**3 - 10*u**2 - 12*u + 13. Let p = 3 + 8. Let t be b(p). Let y be t/5 + 65/25. Calculate the greatest common factor of 6 and y.
3
Let o be ((-10)/4)/(6/(-408)). What is the greatest common divisor of o and 34?
34
Let h = 6 - 4. Suppose -3*w + 28 = h*y - 4*w, -36 = -4*y - 3*w. What is the greatest common divisor of y and 8?
4
Let n = -113 + 298. Let g = -95 + n. Let d be 1/(-2 + 182/g). Calculate the greatest common factor of d and 30.
15
Let g be ((-16)/(-5))/(8/20). Let r(o) = 11*o - 4. Let l be r(g). Let w(m) = 3*m**3 - 2*m + 1. Let k be w(2). Calculate the highest common divisor of k and l.
21
Let y = -171 + 306. Let b be (-2 - 0)*(0 + -1). Suppose -y = -3*i - b*z + 20, 3*z = 3*i - 180. Calculate the greatest common divisor of 22 and i.
11
Let r be (-6)/(-27) - (-382)/(-18). Let q = 39 - r. Calculate the highest common factor of 40 and q.
20
Suppose 4*g - 31 - 49 = 0. Let m(f) = f**2 - 3*f + 2. Let w be m(6). Calculate the highest common divisor of w and g.
20
Suppose 5*o = -25, 0*u - 5 = 5*u + 4*o. Let a = 42 - u. Suppose 3*f - 6 = a. Calculate the highest common factor of f and 6.
3
Suppose k - m = 0, -m + 6 + 14 = 4*k. Calculate the highest common factor of k and 28.
4
Suppose -5*c + 110 = -3*p, 0*p + p = 5. Calculate the highest common divisor of 125 and c.
25
Let f = -56 - -34. Let r = -18 - f. Calculate the greatest common factor of r and 44.
4
Let m = 43 - 33. Suppose -4*o = j - 16, 0 = 4*o + 2*j - 16. Calculate the greatest common factor of o and m.
2
Suppose -5*c + 6*c = 15. What is the greatest common divisor of 5 and c?
5
Let j be (-3 - -25)/(1/4). Calculate the greatest common factor of 11 and j.
11
Let l(d) = 3*d**2 + d + 4. Let c be l(-3). Suppose 5 = 4*z - 3*q - 56, -2*z + 4*q = -c. Calculate the highest common divisor of z and 16.
16
Let n(g) = -g**3 + 8*g**2 + 6*g - 3. Suppose -15 = -3*d + 6. Let y be n(d). What is the greatest common divisor of y and 8?
8
Let q be 1*(2 + 0 - -3). Suppose -q*k = 4*y - 28, 5*k - 4 - 14 = y. Suppose -40 = -y*m + 4. Calculate the highest common divisor of 33 and m.
11
Let h(q) = q**2 + 2*q - 2. Suppose -5*r = v + 21, -2*r - 7 = -3*r - 3*v. Let z be h(r). What is the highest common divisor of z and 13?
13
Let r(q) = -q**2 + 13*q + 12. Let a be r(10). Calculate the highest common divisor of 7 and a.
7
Let w be (6/1)/(14/35). What is the highest common factor of 120 and w?
15
Let k = 37 + -17. Let n be (0 - -8) + (0 - 0). Suppose n = -2*t + 3*t. Calculate the greatest common factor of k and t.
4
Suppose -3*x + 5*x + 2 = 0. Let f be x*(2/(-1) - 11). Calculate the highest common divisor of 52 and f.
13
Suppose 2*m - 2 = t, 0*m + 65 = 5*t + 5*m. Let o(b) = b**2 + 24. Let p be o(0). What is the greatest common factor of p and t?
8
Suppose 2*a + 3 = 5*a, -5*a + 38 = 3*q. Calculate the highest common factor of 11 and q.
11
Suppose 0 = 53*m - 50*m - 30. What is the highest common factor of 15 and m?
5
Let k(h) be the third derivative of h**4/8 - 7*h**3/6 - 4*h**2. Let b be k(6). Calculate the highest common divisor of 99 and b.
11
Let b = 31 + 4. What is the highest common divisor of 5 and b?
5
Suppose 2*m - 3*m - 51 = -4*h, 2*h = -m + 21. Suppose -16*r = -h*r - 108. What is the greatest common factor of 9 and r?
9
Let i(v) = -v**3 - 10*v**2 - 12*v - 5. Let j be i(-9). What is the highest common divisor of 33 and j?
11
Suppose 4*f - 7*f + 270 = 0. Let h = -26 - -44. Calculate the highest common divisor of f and h.
18
Let n = -103 - -147. What is the highest common factor of n and 4?
4
Let w(v) = 24*v - 72. Let s be w(17). Calculate the greatest common factor of s and 42.
42
Let h be (1 + 0)/(2/8). Suppose 5*n = -h*c - 18, -c + 2*n - n = 0. Let a be 0 - ((-4)/c + -36). Calculate the greatest common factor of 85 and a.
17
Let g = 27 - -33. Suppose f = 6*f - 20. Suppose -f*l = -34 - 26. Calculate the greatest common factor of l and g.
15
Let q be (-1 + 1 - -12)*(-2697)/(-279). What is the greatest common factor of 87 and q?
29
Suppose 2*d + 4*i = 40, 5*d - 80 = -4*i - i. What is the highest common divisor of 132 and d?
12
Let m = -8 + 8. Suppose -5*o - 2*l + 308 = m, 5*o - 2*l = -5*l + 312. Calculate the highest common factor of 24 and o.
12
Let d = 116 + -107. What is the greatest common factor of 9 and d?
9
Let l = 8 + -5. Suppose -3*t - 3*f + 12 = 0, 2*t - 2*f - l*f = 36. Let m = 1 + t. What is the highest common divisor of 18 and m?
9
Suppose -42 = -2*p + 2*t, -2*t = 5*p - 4*t - 114. Calculate the greatest common divisor of 8 and p.
8
Suppose -2*o - 123 = -4*f + o, 4*o + 20 = 0. Let x = f - 22. What is the highest common factor of 35 and x?
5
Suppose 3*d = -j + 80, -2*d + 30 + 14 = 3*j. Calculate the highest common factor of 28 and d.
28
Suppose 3*w + 3*u = -4 + 13, 0 = w + 2*u - 4. Suppose -w*z + y + 2 + 3 = 0, -6 = -4*z - 2*y. Calculate the greatest common divisor of 22 and z.
2
Let k(x) = 2*x**2 - x**3 + 3*x + 4*x**2 - 6*x - x - 3. Let o be k(4). What is the highest common factor of 52 and o?
13
Let v = -37 - -2. Let d be (-10)/v + (-66)/(-14). What is the greatest common divisor of 55 and d?
5
Suppose 8*d + 110 = 13*d. What is the greatest common divisor of 11 and d?
11
Suppose 3*w = -2*g + 99, -2*w - 3*g + 50 = -7*g. Let l =